
8
What is the remainder when 62052 is divided by 113?
15
What is the remainder when 60000 is divided by 19994?
18
Calculate the remainder when 4684 is divided by 1558.
10
Calculate the remainder when 96 is divided by 7.
5
What is the remainder when 30149 is divided by 150?
149
What is the remainder when 6744 is divided by 3350?
44
What is the remainder when 155471 is divided by 94?
89
What is the remainder when 896 is divided by 23?
22
What is the remainder when 251430 is divided by 52?
10
Calculate the remainder when 134523 is divided by 7.
4
What is the remainder when 4983 is divided by 125?
108
Calculate the remainder when 8716 is divided by 2865.
121
Calculate the remainder when 4812 is divided by 219.
213
Calculate the remainder when 15881 is divided by 124.
9
Calculate the remainder when 1621098 is divided by 725.
723
What is the remainder when 726 is divided by 126?
96
Calculate the remainder when 9881 is divided by 9.
8
Calculate the remainder when 36521 is divided by 397.
394
What is the remainder when 54073 is divided by 17?
13
What is the remainder when 996208 is divided by 26?
18
Calculate the remainder when 984466 is divided by 103.
95
Calculate the remainder when 146064 is divided by 48684.
12
Calculate the remainder when 17301 is divided by 1201.
487
What is the remainder when 169354 is divided by 32?
10
What is the remainder when 1559834 is divided by 909?
899
Calculate the remainder when 393 is divided by 56.
1
Calculate the remainder when 4987 is divided by 1662.
1
Calculate the remainder when 16095 is divided by 737.
618
Calculate the remainder when 313847 is divided by 42.
23
What is the remainder when 6320 is divided by 1024?
176
What is the remainder when 39518 is divided by 70?
38
Calculate the remainder when 11179 is divided by 508.
3
What is the remainder when 193135 is divided by 119?
117
Calculate the remainder when 13361 is divided by 243.
239
What is the remainder when 65884 is divided by 112?
28
What is the remainder when 1175021 is divided by 15?
11
What is the remainder when 15967 is divided by 614?
3
Calculate the remainder when 3379 is divided by 144.
67
What is the remainder when 1538 is divided by 257?
253
Calculate the remainder when 9316 is divided by 282.
10
Calculate the remainder when 241199 is divided by 93.
50
What is the remainder when 589369 is divided by 228?
217
Calculate the remainder when 4858 is divided by 494.
412
Calculate the remainder when 35971 is divided by 29.
11
Calculate the remainder when 11372 is divided by 223.
222
Calculate the remainder when 3760 is divided by 163.
11
What is the remainder when 11699 is divided by 899?
12
What is the remainder when 215178 is divided by 193?
176
Calculate the remainder when 74516 is divided by 37.
35
What is the remainder when 3467 is divided by 14?
9
What is the remainder when 10642 is divided by 217?
9
Calculate the remainder when 18378 is divided by 921.
879
Calculate the remainder when 2677 is divided by 534.
7
What is the remainder when 13574 is divided by 99?
11
Calculate the remainder when 6251 is divided by 429.
245
What is the remainder when 44527 is divided by 6360?
7
Calculate the remainder when 16286 is divided by 8.
6
Calculate the remainder when 1009904 is divided by 39.
38
What is the remainder when 2796 is divided by 223?
120
What is the remainder when 5939 is divided by 121?
10
What is the remainder when 77 is divided by 30?
17
Calculate the remainder when 722 is divided by 331.
60
Calculate the remainder when 61592 is divided by 15391.
28
What is the remainder when 43958 is divided by 1466?
1444
What is the remainder when 2155 is divided by 487?
207
Calculate the remainder when 2433 is divided by 473.
68
What is the remainder when 77565 is divided by 151?
102
Calculate the remainder when 15046 is divided by 142.
136
Calculate the remainder when 2494 is divided by 494.
24
Calculate the remainder when 43193 is divided by 53.
51
Calculate the remainder when 74348 is divided by 9.
8
Calculate the remainder when 39708 is divided by 432.
396
Calculate the remainder when 2167 is divided by 557.
496
Calculate the remainder when 7071518 is divided by 40.
38
Calculate the remainder when 10168 is divided by 141.
16
Calculate the remainder when 48294 is divided by 4024.
6
What is the remainder when 464 is divided by 222?
20
Calculate the remainder when 48940 is divided by 82.
68
Calculate the remainder when 8127 is divided by 421.
128
Calculate the remainder when 10044 is divided by 1404.
216
What is the remainder when 15663 is divided by 1479?
873
Calculate the remainder when 106691 is divided by 95.
6
Calculate the remainder when 165766 is divided by 47.
44
What is the remainder when 2951261 is divided by 558?
557
What is the remainder when 51505 is divided by 81?
70
Calculate the remainder when 64156 is divided by 297.
4
Calculate the remainder when 2154 is divided by 2113.
41
What is the remainder when 45639 is divided by 15?
9
Calculate the remainder when 9895 is divided by 320.
295
What is the remainder when 48623 is divided by 23?
1
Calculate the remainder when 2044 is divided by 1084.
960
Calculate the remainder when 24626 is divided by 730.
536
What is the remainder when 763498 is divided by 25?
23
Calculate the remainder when 1642 is divided by 157.
72
What is the remainder when 692361 is divided by 147?
138
Calculate the remainder when 2710 is divided by 1184.
342
Calculate the remainder when 229 is divided by 176.
53
Calculate the remainder when 24765 is divided by 6021.
681
What is the remainder when 11613 is divided by 31?
19
What is the remainder when 22584 is divided by 403?
16
Calculate the remainder when 199280 is divided by 180.
20
What is the remainder when 14650 is divided by 50?
0
What is the remainder when 3127 is divided by 1300?
527
Calculate the remainder when 56119 is divided by 615.
154
What is the remainder when 250107 is divided by 62?
61
Calculate the remainder when 54941 is divided by 1715.
61
Calculate the remainder when 47292 is divided by 538.
486
Calculate the remainder when 18892 is divided by 450.
442
What is the remainder when 202323 is divided by 71?
44
What is the remainder when 108531 is divided by 1096?
27
Calculate the remainder when 61199 is divided by 12.
11
Calculate the remainder when 1179461 is divided by 589727.
7
Calculate the remainder when 8666 is divided by 360.
26
What is the remainder when 13606 is divided by 1235?
21
Calculate the remainder when 894062 is divided by 3956.
6
Calculate the remainder when 252 is divided by 31.
4
What is the remainder when 9748 is divided by 541?
10
Calculate the remainder when 24822 is divided by 3540.
42
Calculate the remainder when 20740 is divided by 433.
389
Calculate the remainder when 21733 is divided by 7216.
85
What is the remainder when 1196 is divided by 1192?
4
What is the remainder when 8911 is divided by 37?
31
What is the remainder when 7180 is divided by 509?
54
Calculate the remainder when 31441 is divided by 6285.
16
What is the remainder when 917924 is divided by 8?
4
What is the remainder when 3146 is divided by 87?
14
What is the remainder when 382019 is divided by 54574?
1
Calculate the remainder when 7287 is divided by 280.
7
Calculate the remainder when 949 is divided by 403.
143
What is the remainder when 7578 is divided by 143?
142
What is the remainder when 4403 is divided by 1256?
635
What is the remainder when 23094 is divided by 23086?
8
Calculate the remainder when 181623 is divided by 73.
72
What is the remainder when 29088 is divided by 9544?
456
Calculate the remainder when 12362 is divided by 269.
257
Calculate the remainder when 43858 is divided by 85.
83
What is the remainder when 582082 is divided by 97013?
4
What is the remainder when 22561 is divided by 69?
67
Calculate the remainder when 6910 is divided by 492.
22
Calculate the remainder when 318352 is divided by 6.
4
Calculate the remainder when 532 is divided by 146.
94
Calculate the remainder when 528249 is divided by 638.
623
What is the remainder when 19660 is divided by 371?
368
Calculate the remainder when 122566 is divided by 163.
153
Calculate the remainder when 10281 is divided by 2569.
5
What is the remainder when 1388151 is divided by 694069?
13
Wha